43 + 25 - -24)
22
What is 15 + (-3 - 10) + 12?
14
What is the value of (-10 - 0) + (-19 - (-70 + 46))?
-5
0 + -26 - (18 + (-20 - 6))
-18
What is -3 - (-19 - -1) - 8?
7
What is the value of 16 - (18 - -18) - -23?
3
5 + (0 - 12 - 1)
-8
Calculate -7 + -1 + 6 + -5.
-7
What is the value of (1 - (-13 - -3) - -4) + -3?
12
Calculate 18 + -8 - (-36 - (-28 + 14)) - 5.
27
What is -3 - (3 + -11 + 3 + 3 + 2)?
-3
What is the value of (13 - 16 - -8) + 0?
5
9 - (18 + -2) - 2
-9
What is the value of (-38 + 17 - -27) + (-3 - -21)?
24
What is -4 - 1 - 7 - (4 + 1 + 2)?
-19
Calculate 39 + (-9 - 1) - 22.
7
Calculate (-13 + 31 - 32) + 25.
11
-21 - (11 + -30 + 8) - (18 - 2)
-26
Evaluate -6 + (2 - (-5 + 9)).
-8
Evaluate -9 + (-10 - 3 - (-30 - -4)).
4
Calculate (-176 - -157) + (2 - -11).
-6
(-21 - -27 - 42) + 25
-11
-15 + 22 + 11 + 7
25
-2 - (-1 + 13 + 20 + -17)
-17
What is the value of (0 - 2) + (-8 - (-29 + -1 + 8))?
12
Calculate (18 - -3) + -19 - 12.
-10
Evaluate 37 + -21 + 2 - 6.
12
Calculate 5 + -11 + -2 - -16 - 17.
-9
What is 4 + -7 - 1 - (-1 - 3)?
0
(-1 - 10) + (16 - 4 - -2)
3
What is (-5 + 5 - -10) + (0 - 3)?
7
7 - 2 - (170 - 175)
10
Evaluate -9 - (10 + -29 + 5 - 7).
12
What is 39 - (-17 - (-64 - -21))?
13
-23 + -9 + 104 + -81
-9
-97 + 91 + (-18 - (0 + 2 + -3))
-23
(-22 - -12 - (9 + -4)) + 11
-4
What is the value of -14 + (-14 - -23 - -10)?
5
Evaluate -7 - (-5 - (2 + -8) - 7).
-1
(3 - 8) + (-11 - -1) + (5 - 1)
-11
-4 - ((1 - -12) + -5 + -1 + 1)
-12
What is the value of -54 + 59 + (-2 - (2 - -2))?
-1
Calculate -17 - (5 - (26 - 23)).
-19
What is the value of (1 - -34 - 8) + -18 + (-12 - -22)?
19
What is the value of (14 + -34 - -31) + 3 + -3?
11
Evaluate -6 + 0 - (1040 - 1067).
21
-2 - (1 + -2) - (-26 - -15 - -12)
-2
What is the value of 1722 - 1715 - (1 + -2 - -31)?
-23
What is -49 + 43 + (0 - -2) + 1 + 0?
-3
What is -7 + 1 + -10 + 8 + -31 + 22?
-17
What is 1 - ((-15 + 12 - -8) + -9)?
5
Calculate -23 + 3 + (-16 - -8 - -16) - 25.
-37
Calculate -1 + -2 - (14 - 23) - (2 + 11).
-7
Calculate (0 - -6) + -25 - -13.
-6
What is the value of -4 + (7 - (8 + 5 + -6))?
-4
Calculate -330 + 320 + (-2 - -3 - -11) - 42.
-40
What is the value of 30 + -1 + (-1 - -4)?
32
What is -6 + -1 + 15 + -19 + 12?
1
What is -80 + 93 - (3 - -14)?
-4
Evaluate -22 + 39 + -10 - (-1 + 11).
-3
What is the value of (-7 - 5 - -18) + -13 - (2 + 0)?
-9
Calculate (3 - -2 - 8 - -7) + -3.
1
What is 34 + -23 + -7 + -26 + 7?
-15
Evaluate 20 - (22 + -1 - -23).
-24
What is the value of 89 + -78 - (5 - 1 - -20)?
-13
Calculate -26 - (-26 + (22 - 39)).
17
6 - (4 + (-15 + 7 - -3))
7
What is the value of -18 + 13 + (0 - -1) + 8?
4
Calculate -32 - (-5 + 4) - (-3 - (10 + -9)).
-27
Calculate (-1 - 5) + -892 + 913.
15
-23 + 25 + -14 + 7
-5
What is -7 + (-8 - -1) + 8?
-6
What is the value of 2 + 10 + -9 + -11?
-8
(-3 - (-11 + 1 + -1)) + (70 - 67)
11
What is the value of -3 + 7 + -1 + (4 - 11 - -3)?
-1
Calculate 7 - (2 + 6 + -8 + 6).
1
Calculate 161 + -185 + (0 - -28).
4
What is -2 + 9 - (3 - (1 + 1 + 2))?
8
-789 + 780 + (-1 + 2 - (2 - -1))
-11
Evaluate 1 - (-26 + 38 + -30).
19
-1 - (-5 + -1) - ((-7 - 4) + -2)
18
Calculate (2 + 2 - 17) + -74 + 107.
20
(12 - 11) + (26 - 18)
9
0 - 5 - (63 - 48)
-20
-11 + 0 + (7 - -4) + -23
-23
Evaluate 0 + 3 + 35 - 12.
26
Calculate (-21 + -1 - -27) + 17.
22
-1 - 4 - (120 + -117)
-8
-1 + 8 + 3 + 14
24
What is the value of -13 + -1 - (-14 - -13) - (8 + 1)?
-22
What is 23 + (34 - 31) + -28?
-2
Evaluate (-58 - -2) + -227 + 254.
-29
Evaluate 20 + 2 + -19 + -18.
-15
Calculate -9 + (3 + -1 - 0) - (15 - 11).
-11
What is the value of -4 + 9 + -137 + 143?
11
What is the value of 0 + -6 - (-3 + 22)?
-25
What is -7 + 4 + (3 - 11) - 0?
-11
Evaluate (1 - 2 - 7) + 3 + 13 - 11.
-3
What is -15 + 0 + (136 - 110)?
11
What is (-1 + 8 - -3) + -15?
-5
What is 3 - -4 - (13 - (9 + -9)) - 0?
-6
Calculate -8 - (8 + (-9 - 10)) - 2.
1
What is the value of 2 - (-12 + 15 - -17 - (9 + -2))?
-11
Evaluate -9 + (1 - -3) + (20 - 18).
-3
What is (17 - 8 - (11 - -1)) + 17?
14
What is 2 + 11 + -2 + (-4 - (27 - 25))?
5
Calculate -14 + 1 - -8 - (-5 - 0).
0
What is the value of (-18 - (-6 + -13 + 6)) + 3?
-2
What is (-5 - (-11 - 2 - 3)) + -9 - 34?
-32
15 + (-7 - (-3 - 1 - -4)) - -19
27
(-1 - 3) + 20 + 23 + -46
-7
What is the value of -22 + -6 + (-5 - (-15 - 8))?
-10
Evaluate (-448 - -429) + 2 + -11 + (6 - 1).
-23
Evaluate (-30 - (-16 - (-4 - 6))) + 5.
-19
Calculate -21 + 37 + -20 + -18.
-22
Calculate -158 + 155 - (-23 - 1) - (4 + 2).
15
Evaluate (-3 - -18) + (-41 - 5 - -16).
-15
Evaluate 40 + -11 + (5 - (23 + -10)).
21
Calculate 4 - (-10 + 10) - 10.
-6
Evaluate (233 - 226) + -1 + -5.
1
Calculate -2 + (6 - (7 + 8 + -1)).
-10
Calculate -2 + 2 - -2 - (10 + 3).
-11
What is -8 - (-10 + 0 + -4)?
6
What is the value of -25 - (-9 + -51 + 32)?
3
What is -2 - -4 - (11 - 5) - -11?
7
10 + 0 + (-10 - 2) + -15
-17
What is (0 - 6) + -15 + 34 + -24?
-11
What is the value of -15 + 17 + -1 + 1?
2
Calculate -17 + 21 + (-15 - 1).
-12
Evaluate (-5 - (-2 + 3 + -11 + -4)) + 4.
13
Calculate -1 + 0 + 10 + 3 + -1 + 1.
12
What is -5 + (-7 - (6 + (-14 - -5) + -6))?
-3
What is the value of -66 + 58 + (5 - (-2 - -3))?
-4
Calculate -1 + 2 + -8 + (23 - (6 + 16)).
-6
Calculate 0 + 2 - (-3 + -10 + 20) - -4.
-1
Evaluate -1 + -9 + (-53 - -56) - (2 + 2).
-11
Calculate 2 - -12 - 30 - (-12 - -2).
-6
Calculate (-4 - -2 - (-1 - -7)) + (22 - 1).
13
What is (-3 - (16 + 6 + -1)) + -12 + 11?
-25
What is -15 - -6 - -29 - 8?
12
Evaluate -10 + 19 - (12 - -10).
-13
(-3 - -1) + (19 - 2) + -3
12
What is the value of -34 - (-10 + -4 + -1 + 17)?
-36
Evaluate -4 + 25 + -30 + 2 + 1.
-6
Evaluate -27 - (-45 - (-7 - 10)).
1
(14 + -1 - (410 - 396)) + 12
11
-2 + 3 + (3 - 9 - -10)
5
What is (-13 - (5 + -14)) + 14?
10
109 - 99 - (4 - -24)
-18
-2 + 0 + 8 + -6 - 5
-5
What is the value of 9 + (-9 - 6) - -1?
-5
9 + (43 - 49) + 9 + -1
11
-5 + 8 + 12 - 9
6
(-6 - 10) + 34 + -6
12
Evaluate 1 - -4 - 1 - (-528 + 525).
7
Calculate (-5 - (-14 + (-9 - -6))) + -8 - 2.
2
What is the value of 3 - (-2 + -8 + 9 - 11)?
15
Evaluate 1 + (0 - -20) + -23.
-2
Calculate (-51 - -56) + (-15 + -1 - -3).
-8
Calculate -21 + (-16 - (-18 + -6)).
-13
What is -8 - (-44 + 31 - 6)?
11
What is the value of -15 + (40 - 22) - -8?
11
What is the value of 0 + 2 + (-8 - -9 - -3) + -3?
3
Evaluate 0 - 0 - (24 + -16) - (-28 + 5).
15
-1 + 2 + 8 + (25 - (-16 - -28))
22
Calculate 1 - (-34 + (42 - -9)).
-16
Calculate 3 - (0 + -1 - (-27 - -23)) - -1.
1
Evaluate -16 - (20 - 3 - 13).
-20
What is (-52 - (47 + -60)) + 3?
-36
Calculate 18 + (-6 - 0 - (8 + -11)).
15
What is 7 + 3 - (14 - 3)?
-1
Evaluate 17 - (20 + 16 + -20).
1
-16 + 32 - 30 - -7
-7
What is the value of -128 + 139 - (-4 - (2 + -3 + 6))?
20
Calculate 4 + 40 + -26 + 14.
32
What is 8 + 0 + -2 + -1 + -2 + -4?
-1
What is the value of (7 + 4 + -6 - -12) + 3?
20
What is 17 + -27 + (0 - -11)?
1
Evaluate 0 + (8 - 9 - 3) + 4 + -7.
-7
Calculate -2 - 35 - (11 + -39 - -13).
-22
What is -27 + 49 + -36 + 1?
-13
What is 0 + (-1 - 4) + 6 - 13 - 4?
-16
Calculate -17 - (-37 + (49 - -2)).
-31
What is (-46 - -42) + (-21 + 9 - (1 - -2))?
-19
What is (1 - -16) + -848 + 861?
30
(23 - -1) + (-4 - (-13 - -4 - -13))
16
Evaluate 0 + 12 + (-8 - 1).
3
-1 + 0 + (13 + 14 - 18)
8
Calculate -7 - ((24 - 12 - 11) + 4).
-12
-105 - -106 - (-8 - -1)
8
What is the value of -23 + 58 + (-9 - 2 - (18 - 21))?
27
What is -8 + 0 + (142 - 119)?
15
What is 12 + (62 - 68 - (-5 - -1))?
10
-15 - -4 - (-38 - -13)
14
Calculate 6 + -3 + 5 + (-2 - (-9 + 12)).
3
What is (1 + 1 - 21) + (-92 - -95)?
-16
-34 - -45 - (-4 - -21)
-6
What is the value of -7 + (6 - 7) - (5 - (9 - -17))?
13
What is -54 - (-31 - (1 - -2))?
-20
Evaluate 5 + (6 - -1) - (-62 + 51).
23
What is 5 - (-5 - (-12 + 17))?
15
What is the value of -15 + (17 - (-14 + 12))?
4
What is the value of -5 + 0 + (11 + 1 - 7)?
0
Calculate 8 + -33 - -21 - (7 - 3).
-8
What is the value of -9 + 13 + (-7 - 13) + 6?
-10
Evaluate 3 + 9 + -12 - 15.
-15
Calculate 8 - (-1 + 13 + -8 + -9).
13
What is the value of (15 - 29) + (17 - -2)?
5
Calculate (0 - -10) + -16 + (-28 - -34).
0
What is 3 - (10 + 11 + -22 - 14)?
18
(-20 - -15) + (-4 - -7) + 7
5
Calculate (-1 - 3) + (-1 - 4 - -12).
3
3 + 7 - (-5 - (2 - (-1 + 0)))
18
Evaluate -6 - -2 - (7 + 16 + -2 + -13).
-12
Calculate 13 + (-4 - (-9 + 